{"id":254,"date":"2025-07-07T18:14:18","date_gmt":"2025-07-07T18:14:18","guid":{"rendered":"https:\/\/hylleholtfamiliehus.net\/staging\/?page_id=254"},"modified":"2025-08-10T20:11:05","modified_gmt":"2025-08-10T20:11:05","slug":"familiehus-maalgruppe-barn-og-foraeldre","status":"publish","type":"page","link":"https:\/\/hylleholtfamiliehus.net\/index.php\/familiehus-maalgruppe-barn-og-foraeldre\/","title":{"rendered":"M\u00e5lgruppe"},"content":{"rendered":"\n[et_pb_section fb_built=&#8221;1&#8243; custom_padding_last_edited=&#8221;on|desktop&#8221; _builder_version=&#8221;4.27.4&#8243; _module_preset=&#8221;92c4422c-64d6-454a-a72f-9faf65f21dd6&#8243; custom_padding=&#8221;|60px|3px|60px|false|true&#8221; custom_padding_tablet=&#8221;|20px||20px|false|true&#8221; custom_padding_phone=&#8221;|20px||20px|false|true&#8221; global_colors_info=&#8221;{}&#8221;][et_pb_row _builder_version=&#8221;4.27.4&#8243; _module_preset=&#8221;ffbc452d-6020-4799-9ddf-1419c6a58399&#8243; background_color=&#8221;gcid-bce03531-66b3-4c28-9989-6b0d58e6ede9&#8243; global_colors_info=&#8221;{%22gcid-bce03531-66b3-4c28-9989-6b0d58e6ede9%22:%91%22background_color%22%93}&#8221;][et_pb_column type=&#8221;4_4&#8243; _builder_version=&#8221;4.27.4&#8243; _module_preset=&#8221;6c1d6961-1f73-48c4-8fcf-04c6d40bab83&#8243; background_color=&#8221;gcid-8e0f1514-5d38-42fd-81b1-b6f086f0c8dd&#8221; global_colors_info=&#8221;{%22gcid-8e0f1514-5d38-42fd-81b1-b6f086f0c8dd%22:%91%22background_color%22%93}&#8221;][\/et_pb_column][\/et_pb_row][et_pb_row column_structure=&#8221;1_2,1_2&#8243; use_custom_gutter=&#8221;on&#8221; gutter_width=&#8221;1&#8243; _builder_version=&#8221;4.27.4&#8243; _module_preset=&#8221;ffbc452d-6020-4799-9ddf-1419c6a58399&#8243; custom_margin=&#8221;0px|auto|0px|auto|false|false&#8221; custom_margin_tablet=&#8221;50px||50px||true|false&#8221; custom_margin_phone=&#8221;50px||50px||true|false&#8221; custom_margin_last_edited=&#8221;on|phone&#8221; custom_padding=&#8221;0px|0px|0px|0px|false|true&#8221; custom_padding_phone=&#8221;0px|0px|0px|0px|false|true&#8221; custom_css_free_form=&#8221;selector {||  ||}&#8221; global_colors_info=&#8221;{}&#8221;][et_pb_column type=&#8221;1_2&#8243; _builder_version=&#8221;4.27.4&#8243; _module_preset=&#8221;6c1d6961-1f73-48c4-8fcf-04c6d40bab83&#8243; global_colors_info=&#8221;{}&#8221;][et_pb_heading title=&#8221;Vi arbejder med:&#8221; _builder_version=&#8221;4.27.4&#8243; _module_preset=&#8221;default&#8221; title_font=&#8221;&#8211;et_global_heading_font|600|||||||&#8221; custom_margin=&#8221;1px||33px|||&#8221; global_colors_info=&#8221;{}&#8221;][\/et_pb_heading][dsm_icon_list _builder_version=&#8221;4.27.4&#8243; _module_preset=&#8221;default&#8221; custom_margin=&#8221;||-21px|||&#8221; custom_css_free_form=&#8221;.selector .dsm_icon_list_child .dsm_icon_list_wrapper {||  margin-top: -25px; \/* Adjust as necessary for spacing *\/||}&#8221; global_colors_info=&#8221;{}&#8221;][dsm_icon_list_child text=&#8221;B\u00f8rn, der viser tegn p\u00e5 tilknytningsforstyrrelser, traumer, angst eller andre tegn p\u00e5 mistrivsel&#8221; font_icon=&#8221;&#xf111;||fa||900&#8243; icon_color=&#8221;#000000&#8243; icon_font_size=&#8221;10px&#8221; tooltip_background_color=&#8221;#C9DCF2&#8243; _builder_version=&#8221;4.27.4&#8243; _module_preset=&#8221;default&#8221; text_font=&#8221;&#8211;et_global_body_font||||||||&#8221; text_text_color=&#8221;#000000&#8243; text_font_size=&#8221;18px&#8221; custom_padding=&#8221;0px||20px||false|false&#8221; custom_css_free_form=&#8221;.selector .dsm_icon_list_wrapper {||    padding-right: 5px;||}&#8221; global_colors_info=&#8221;{}&#8221;][\/dsm_icon_list_child][dsm_icon_list_child text=&#8221;For\u00e6ldre, som har oplevet omsorgssvigt, overgreb, incest, misbrug eller andre dybtg\u00e5ende traumer og trivselsproblemer&#8221; font_icon=&#8221;&#xf111;||fa||900&#8243; icon_color=&#8221;#000000&#8243; icon_font_size=&#8221;10px&#8221; tooltip_background_color=&#8221;#C9DCF2&#8243; _builder_version=&#8221;4.27.4&#8243; _module_preset=&#8221;default&#8221; text_font=&#8221;&#8211;et_global_body_font||||||||&#8221; text_text_color=&#8221;#000000&#8243; text_font_size=&#8221;18px&#8221; custom_padding=&#8221;0px||20px||false|false&#8221; custom_css_free_form=&#8221;.selector .dsm_icon_list_wrapper {||    padding-right: 5px;||}&#8221; global_colors_info=&#8221;{}&#8221;][\/dsm_icon_list_child][dsm_icon_list_child text=&#8221;Familier med dysfunktionelle m\u00f8nstre eller udviklingstraumer, hvor der er behov for l\u00e6ngerevarende og dybdeg\u00e5ende st\u00f8tte&#8221; font_icon=&#8221;&#xf111;||fa||900&#8243; icon_color=&#8221;#000000&#8243; icon_font_size=&#8221;10px&#8221; tooltip_background_color=&#8221;#C9DCF2&#8243; _builder_version=&#8221;4.27.4&#8243; _module_preset=&#8221;default&#8221; text_font=&#8221;&#8211;et_global_body_font||||||||&#8221; text_text_color=&#8221;#000000&#8243; text_font_size=&#8221;18px&#8221; custom_padding=&#8221;0px||20px||false|false&#8221; custom_css_free_form=&#8221;.selector .dsm_icon_list_wrapper {||    padding-right: 5px;||}&#8221; global_colors_info=&#8221;{}&#8221;][\/dsm_icon_list_child][dsm_icon_list_child text=&#8221;For\u00e6ldre, der har behov for vejledning og st\u00f8tte i forhold til deres for\u00e6ldre kompetencer. &#8221; font_icon=&#8221;&#xf111;||fa||900&#8243; icon_color=&#8221;#000000&#8243; icon_font_size=&#8221;10px&#8221; tooltip_background_color=&#8221;#C9DCF2&#8243; _builder_version=&#8221;4.27.4&#8243; _module_preset=&#8221;default&#8221; text_font=&#8221;&#8211;et_global_body_font||||||||&#8221; text_text_color=&#8221;#000000&#8243; text_font_size=&#8221;18px&#8221; custom_padding=&#8221;0px||20px||false|false&#8221; custom_css_free_form=&#8221;.selector .dsm_icon_list_wrapper {||    padding-right: 5px;||}&#8221; global_colors_info=&#8221;{}&#8221;][\/dsm_icon_list_child][dsm_icon_list_child text=&#8221;Gravide, der har brug for s\u00e6rlig st\u00f8tte og forberedelse i forhold til for\u00e6ldrerollen&#8221; font_icon=&#8221;&#xf111;||fa||900&#8243; icon_color=&#8221;#000000&#8243; icon_font_size=&#8221;10px&#8221; tooltip_background_color=&#8221;#C9DCF2&#8243; _builder_version=&#8221;4.27.4&#8243; _module_preset=&#8221;default&#8221; text_font=&#8221;&#8211;et_global_body_font||||||||&#8221; text_text_color=&#8221;#000000&#8243; text_font_size=&#8221;18px&#8221; custom_padding=&#8221;0px||20px||false|false&#8221; custom_css_free_form=&#8221;.selector .dsm_icon_list_wrapper {||    padding-right: 5px;||}&#8221; global_colors_info=&#8221;{}&#8221;][\/dsm_icon_list_child][\/dsm_icon_list][et_pb_button button_url=&#8221;https:\/\/hylleholtfamiliehus.net\/index.php\/119-2\/&#8221; button_text=&#8221;Kontakt os&#8221; _builder_version=&#8221;4.27.4&#8243; _module_preset=&#8221;c23677cd-b3f3-4697-917d-c779dcbb3621&#8243; global_colors_info=&#8221;{}&#8221;][\/et_pb_button][\/et_pb_column][et_pb_column type=&#8221;1_2&#8243; _builder_version=&#8221;4.27.4&#8243; _module_preset=&#8221;6c1d6961-1f73-48c4-8fcf-04c6d40bab83&#8243; global_colors_info=&#8221;{}&#8221;][et_pb_image src=&#8221;https:\/\/hylleholtfamiliehus.net\/wp-content\/uploads\/2025\/07\/pexels-marina-zvada-844583049-21268301.jpg&#8221; title_text=&#8221;pexels-marina-zvada-844583049-21268301&#8243; _builder_version=&#8221;4.27.4&#8243; _module_preset=&#8221;default&#8221; width=&#8221;85%&#8221; border_radii=&#8221;on|20px|20px|20px|20px&#8221; global_colors_info=&#8221;{}&#8221;][\/et_pb_image][\/et_pb_column][\/et_pb_row][et_pb_row column_structure=&#8221;1_2,1_2&#8243; use_custom_gutter=&#8221;on&#8221; gutter_width=&#8221;1&#8243; custom_padding_last_edited=&#8221;on|desktop&#8221; _builder_version=&#8221;4.27.4&#8243; _module_preset=&#8221;ffbc452d-6020-4799-9ddf-1419c6a58399&#8243; custom_padding=&#8221;0px|60px|0px|60px|false|true&#8221; custom_padding_tablet=&#8221;&#8221; custom_padding_phone=&#8221;0px|0px|0px|0px|false|true&#8221; global_colors_info=&#8221;{}&#8221;][et_pb_column type=&#8221;1_2&#8243; _builder_version=&#8221;4.27.4&#8243; _module_preset=&#8221;6c1d6961-1f73-48c4-8fcf-04c6d40bab83&#8243; custom_padding=&#8221;0px|0px|0px|0px|true|true&#8221; global_colors_info=&#8221;{}&#8221;][et_pb_image src=&#8221;https:\/\/hylleholtfamiliehus.net\/wp-content\/uploads\/2025\/07\/pexels-pixabay-208189-scaled.jpg&#8221; title_text=&#8221;pexels-pixabay-208189&#8243; disabled_on=&#8221;on|on|off&#8221; _builder_version=&#8221;4.27.4&#8243; _module_preset=&#8221;default&#8221; border_radii=&#8221;on|20px|20px|20px|20px&#8221; global_colors_info=&#8221;{}&#8221;][\/et_pb_image][\/et_pb_column][et_pb_column type=&#8221;1_2&#8243; _builder_version=&#8221;4.27.4&#8243; _module_preset=&#8221;6c1d6961-1f73-48c4-8fcf-04c6d40bab83&#8243; global_colors_info=&#8221;{}&#8221;][et_pb_heading title=&#8221;M\u00e5lgruppe&#8221; _builder_version=&#8221;4.27.4&#8243; _module_preset=&#8221;c0e895c4-fe5d-472a-8abd-7f5b0ce995a2&#8243; title_level=&#8221;h1&#8243; title_font=&#8221;&#8211;et_global_heading_font|600|||||||&#8221; title_text_align=&#8221;left&#8221; title_font_size=&#8221;50px&#8221; custom_margin=&#8221;0px||0px||false|false&#8221; custom_margin_tablet=&#8221;150px||50px||false|false&#8221; custom_margin_phone=&#8221;150px||||false|false&#8221; custom_margin_last_edited=&#8221;on|phone&#8221; global_colors_info=&#8221;{}&#8221;][\/et_pb_heading][et_pb_text _builder_version=&#8221;4.27.4&#8243; _module_preset=&#8221;c120671a-3270-42b5-b6c1-5294c17c1ba9&#8243; custom_margin=&#8221;42px|||||&#8221; custom_padding=&#8221;||4px|||&#8221; global_colors_info=&#8221;{}&#8221;]<p data-start=\"40\" data-end=\"383\">Hylleholt Familiehus tilbyder specialiseret familiebehandling med fokus p\u00e5 at st\u00f8tte hele familien \u2013 herunder gravide \u2013 med udgangspunkt i en tidlig og helhedsorienteret indsats. Vi arbejder ud fra en grundl\u00e6ggende overbevisning om, at\u00a0tidlig intervention er afg\u00f8rende for at sikre barnets trivsel og udvikling\u00a0samt kvaliteten af tilknytningen mellem for\u00e6ldre og barn.<span class=\"Apple-converted-space\">\u00a0<\/span><\/p>\n<p data-start=\"385\" data-end=\"563\"><\/p>[\/et_pb_text][\/et_pb_column][\/et_pb_row][\/et_pb_section][et_pb_section fb_built=&#8221;1&#8243; custom_padding_last_edited=&#8221;on|tablet&#8221; _builder_version=&#8221;4.27.4&#8243; _module_preset=&#8221;a9e64a9b-5ae2-4508-b89c-b3c2608f5e6a&#8221; custom_padding=&#8221;|60px|100px|60px|false|true&#8221; custom_padding_tablet=&#8221;|20px||20px|false|true&#8221; custom_padding_phone=&#8221;&#8221; global_colors_info=&#8221;{}&#8221;][et_pb_row column_structure=&#8221;3_5,2_5&#8243; use_custom_gutter=&#8221;on&#8221; gutter_width=&#8221;1&#8243; make_equal=&#8221;on&#8221; _builder_version=&#8221;4.27.4&#8243; _module_preset=&#8221;4c64a5e7-d67c-40d5-846d-b3d7a184900b&#8221; custom_margin=&#8221;||||false|true&#8221; custom_padding=&#8221;0px||0px||false|true&#8221; border_radii=&#8221;on|20px|20px|20px|20px&#8221; global_colors_info=&#8221;{}&#8221;][et_pb_column type=&#8221;3_5&#8243; _builder_version=&#8221;4.27.4&#8243; _module_preset=&#8221;3a6bcaa0-29c9-4007-85d5-b5014cfbbc8c&#8221; background_enable_color=&#8221;off&#8221; background_image=&#8221;https:\/\/hylleholtfamiliehus.net\/wp-content\/uploads\/2025\/07\/DJI_0270.jpg&#8221; custom_padding=&#8221;0px|0px|0px|0px|true|true&#8221; custom_css_free_form=&#8221;selector {||  height: 300px;||}&#8221; global_colors_info=&#8221;{}&#8221;][\/et_pb_column][et_pb_column type=&#8221;2_5&#8243; _builder_version=&#8221;4.27.4&#8243; _module_preset=&#8221;3a6bcaa0-29c9-4007-85d5-b5014cfbbc8c&#8221; background_color=&#8221;#E4F2C9&#8243; custom_padding=&#8221;0px|60px|0px|60px|true|true&#8221; custom_css_free_form=&#8221;selector {||  height: 300px;||  display: flex;||  flex-direction: column;||  justify-content: center;||  padding-left: 50px;||  padding-right: 50px;||||}||@media (max-width: 767px) {||  .selector {||    height: 200px;||    padding-left: 20px;||    padding-right: 20px;||  }||}&#8221; global_colors_info=&#8221;{}&#8221;][et_pb_heading title=&#8221;Kontakt os idag&#8221; _builder_version=&#8221;4.27.4&#8243; _module_preset=&#8221;e414f319-4abb-4456-ab2f-fc4ad63f68c5&#8243; title_font=&#8221;&#8211;et_global_heading_font|600|||||||&#8221; global_colors_info=&#8221;{}&#8221;][\/et_pb_heading][et_pb_button button_url=&#8221;https:\/\/hylleholtfamiliehus.net\/index.php\/119-2\/&#8221; button_text=&#8221;Kontakt os&#8221; _builder_version=&#8221;4.27.4&#8243; _module_preset=&#8221;9b4252ef-77a3-4032-a8c1-b6a7f3183ab3&#8243; global_colors_info=&#8221;{}&#8221;][\/et_pb_button][\/et_pb_column][\/et_pb_row][\/et_pb_section]\n","protected":false},"excerpt":{"rendered":"<p><div class=\"et_pb_module dsm_icon_list dsm_icon_list_0\">\n\t\t\t\t\n\t\t\t\t\n\t\t\t\t\n\t\t\t\t\n\t\t\t\t\n\t\t\t\t\n\t\t\t\t<div class=\"et_pb_module_inner\">\n\t\t\t\t\t<ul class=\"dsm_icon_list_items dsm_icon_list_ltr_direction dsm_icon_list_layout_vertical\"><\/ul>\n\t\t\t\t<\/div>\n\t\t\t<\/div><li class=\"dsm_icon_list_child dsm_icon_list_child_0\">\n\t\t\t\t\n\t\t\t\t\n\t\t\t\t\n\t\t\t\t\n\t\t\t\t<span class=\"dsm_icon_list_wrapper\"><span class=\"dsm_icon_list_icon\">\uf111<\/span><\/span><span class=\"dsm_icon_list_text\">B\u00f8rn, der viser tegn p\u00e5 tilknytningsforstyrrelser, traumer, angst eller andre tegn p\u00e5 mistrivsel<\/span>\n\t\t\t<\/li><li class=\"dsm_icon_list_child dsm_icon_list_child_1\">\n\t\t\t\t\n\t\t\t\t\n\t\t\t\t\n\t\t\t\t\n\t\t\t\t<span class=\"dsm_icon_list_wrapper\"><span class=\"dsm_icon_list_icon\">P<\/span><\/span><span class=\"dsm_icon_list_text\">&#8221;For\u00e6ldre,<\/span>\n\t\t\t<\/li><\/p>\n","protected":false},"author":1,"featured_media":0,"parent":0,"menu_order":0,"comment_status":"closed","ping_status":"closed","template":"","meta":{"_et_pb_use_builder":"on","_et_pb_old_content":"","_et_gb_content_width":"","footnotes":""},"class_list":["post-254","page","type-page","status-publish","hentry"],"yoast_head":"<!-- This site is optimized with the Yoast SEO plugin v25.5 - https:\/\/yoast.com\/wordpress\/plugins\/seo\/ -->\n<title>Hylleholt Familiehus: St\u00f8tte til familier i mistrivsel<\/title>\n<meta name=\"description\" content=\"Hylleholt Familiehus tilbyder specialiseret st\u00f8tte til familier med b\u00f8rn, herunder gravide og for\u00e6ldre med traumer, tilknytningsforstyrrelser eller mistrivsel.\" \/>\n<meta name=\"robots\" content=\"index, follow, max-snippet:-1, max-image-preview:large, max-video-preview:-1\" \/>\n<link rel=\"canonical\" href=\"https:\/\/hylleholtfamiliehus.net\/index.php\/familiehus-maalgruppe-barn-og-foraeldre\/\" \/>\n<meta property=\"og:locale\" content=\"en_US\" \/>\n<meta property=\"og:type\" content=\"article\" \/>\n<meta property=\"og:title\" content=\"Hylleholt Familiehus: St\u00f8tte til familier i mistrivsel\" \/>\n<meta property=\"og:description\" content=\"Hylleholt Familiehus tilbyder specialiseret st\u00f8tte til familier med b\u00f8rn, herunder gravide og for\u00e6ldre med traumer, tilknytningsforstyrrelser eller mistrivsel.\" \/>\n<meta property=\"og:url\" content=\"https:\/\/hylleholtfamiliehus.net\/index.php\/familiehus-maalgruppe-barn-og-foraeldre\/\" \/>\n<meta property=\"og:site_name\" content=\"Hylleholt Familiehus\" \/>\n<meta property=\"article:modified_time\" content=\"2025-08-10T20:11:05+00:00\" \/>\n<meta name=\"twitter:card\" content=\"summary_large_image\" \/>\n<meta name=\"twitter:label1\" content=\"Est. reading time\" \/>\n\t<meta name=\"twitter:data1\" content=\"1 minute\" \/>\n<script type=\"application\/ld+json\" class=\"yoast-schema-graph\">{\"@context\":\"https:\/\/schema.org\",\"@graph\":[{\"@type\":\"WebPage\",\"@id\":\"https:\/\/hylleholtfamiliehus.net\/index.php\/familiehus-maalgruppe-barn-og-foraeldre\/\",\"url\":\"https:\/\/hylleholtfamiliehus.net\/index.php\/familiehus-maalgruppe-barn-og-foraeldre\/\",\"name\":\"Hylleholt Familiehus: St\u00f8tte til familier i mistrivsel\",\"isPartOf\":{\"@id\":\"https:\/\/hylleholtfamiliehus.net\/#website\"},\"datePublished\":\"2025-07-07T18:14:18+00:00\",\"dateModified\":\"2025-08-10T20:11:05+00:00\",\"description\":\"Hylleholt Familiehus tilbyder specialiseret st\u00f8tte til familier med b\u00f8rn, herunder gravide og for\u00e6ldre med traumer, tilknytningsforstyrrelser eller mistrivsel.\",\"breadcrumb\":{\"@id\":\"https:\/\/hylleholtfamiliehus.net\/index.php\/familiehus-maalgruppe-barn-og-foraeldre\/#breadcrumb\"},\"inLanguage\":\"en-US\",\"potentialAction\":[{\"@type\":\"ReadAction\",\"target\":[\"https:\/\/hylleholtfamiliehus.net\/index.php\/familiehus-maalgruppe-barn-og-foraeldre\/\"]}]},{\"@type\":\"BreadcrumbList\",\"@id\":\"https:\/\/hylleholtfamiliehus.net\/index.php\/familiehus-maalgruppe-barn-og-foraeldre\/#breadcrumb\",\"itemListElement\":[{\"@type\":\"ListItem\",\"position\":1,\"name\":\"Home\",\"item\":\"https:\/\/hylleholtfamiliehus.net\/\"},{\"@type\":\"ListItem\",\"position\":2,\"name\":\"M\u00e5lgruppe\"}]},{\"@type\":\"WebSite\",\"@id\":\"https:\/\/hylleholtfamiliehus.net\/#website\",\"url\":\"https:\/\/hylleholtfamiliehus.net\/\",\"name\":\"Hylleholt Familiehus\",\"description\":\"\",\"publisher\":{\"@id\":\"https:\/\/hylleholtfamiliehus.net\/#organization\"},\"potentialAction\":[{\"@type\":\"SearchAction\",\"target\":{\"@type\":\"EntryPoint\",\"urlTemplate\":\"https:\/\/hylleholtfamiliehus.net\/?s={search_term_string}\"},\"query-input\":{\"@type\":\"PropertyValueSpecification\",\"valueRequired\":true,\"valueName\":\"search_term_string\"}}],\"inLanguage\":\"en-US\"},{\"@type\":\"Organization\",\"@id\":\"https:\/\/hylleholtfamiliehus.net\/#organization\",\"name\":\"Hylleholt Familiehus\",\"url\":\"https:\/\/hylleholtfamiliehus.net\/\",\"logo\":{\"@type\":\"ImageObject\",\"inLanguage\":\"en-US\",\"@id\":\"https:\/\/hylleholtfamiliehus.net\/#\/schema\/logo\/image\/\",\"url\":\"https:\/\/hylleholtfamiliehus.net\/wp-content\/uploads\/2025\/07\/hylleholt-logo-black.webp\",\"contentUrl\":\"https:\/\/hylleholtfamiliehus.net\/wp-content\/uploads\/2025\/07\/hylleholt-logo-black.webp\",\"width\":500,\"height\":523,\"caption\":\"Hylleholt Familiehus\"},\"image\":{\"@id\":\"https:\/\/hylleholtfamiliehus.net\/#\/schema\/logo\/image\/\"}}]}<\/script>\n<!-- \/ Yoast SEO plugin. -->","yoast_head_json":{"title":"Hylleholt Familiehus: St\u00f8tte til familier i mistrivsel","description":"Hylleholt Familiehus tilbyder specialiseret st\u00f8tte til familier med b\u00f8rn, herunder gravide og for\u00e6ldre med traumer, tilknytningsforstyrrelser eller mistrivsel.","robots":{"index":"index","follow":"follow","max-snippet":"max-snippet:-1","max-image-preview":"max-image-preview:large","max-video-preview":"max-video-preview:-1"},"canonical":"https:\/\/hylleholtfamiliehus.net\/index.php\/familiehus-maalgruppe-barn-og-foraeldre\/","og_locale":"en_US","og_type":"article","og_title":"Hylleholt Familiehus: St\u00f8tte til familier i mistrivsel","og_description":"Hylleholt Familiehus tilbyder specialiseret st\u00f8tte til familier med b\u00f8rn, herunder gravide og for\u00e6ldre med traumer, tilknytningsforstyrrelser eller mistrivsel.","og_url":"https:\/\/hylleholtfamiliehus.net\/index.php\/familiehus-maalgruppe-barn-og-foraeldre\/","og_site_name":"Hylleholt Familiehus","article_modified_time":"2025-08-10T20:11:05+00:00","twitter_card":"summary_large_image","twitter_misc":{"Est. reading time":"1 minute"},"schema":{"@context":"https:\/\/schema.org","@graph":[{"@type":"WebPage","@id":"https:\/\/hylleholtfamiliehus.net\/index.php\/familiehus-maalgruppe-barn-og-foraeldre\/","url":"https:\/\/hylleholtfamiliehus.net\/index.php\/familiehus-maalgruppe-barn-og-foraeldre\/","name":"Hylleholt Familiehus: St\u00f8tte til familier i mistrivsel","isPartOf":{"@id":"https:\/\/hylleholtfamiliehus.net\/#website"},"datePublished":"2025-07-07T18:14:18+00:00","dateModified":"2025-08-10T20:11:05+00:00","description":"Hylleholt Familiehus tilbyder specialiseret st\u00f8tte til familier med b\u00f8rn, herunder gravide og for\u00e6ldre med traumer, tilknytningsforstyrrelser eller mistrivsel.","breadcrumb":{"@id":"https:\/\/hylleholtfamiliehus.net\/index.php\/familiehus-maalgruppe-barn-og-foraeldre\/#breadcrumb"},"inLanguage":"en-US","potentialAction":[{"@type":"ReadAction","target":["https:\/\/hylleholtfamiliehus.net\/index.php\/familiehus-maalgruppe-barn-og-foraeldre\/"]}]},{"@type":"BreadcrumbList","@id":"https:\/\/hylleholtfamiliehus.net\/index.php\/familiehus-maalgruppe-barn-og-foraeldre\/#breadcrumb","itemListElement":[{"@type":"ListItem","position":1,"name":"Home","item":"https:\/\/hylleholtfamiliehus.net\/"},{"@type":"ListItem","position":2,"name":"M\u00e5lgruppe"}]},{"@type":"WebSite","@id":"https:\/\/hylleholtfamiliehus.net\/#website","url":"https:\/\/hylleholtfamiliehus.net\/","name":"Hylleholt Familiehus","description":"","publisher":{"@id":"https:\/\/hylleholtfamiliehus.net\/#organization"},"potentialAction":[{"@type":"SearchAction","target":{"@type":"EntryPoint","urlTemplate":"https:\/\/hylleholtfamiliehus.net\/?s={search_term_string}"},"query-input":{"@type":"PropertyValueSpecification","valueRequired":true,"valueName":"search_term_string"}}],"inLanguage":"en-US"},{"@type":"Organization","@id":"https:\/\/hylleholtfamiliehus.net\/#organization","name":"Hylleholt Familiehus","url":"https:\/\/hylleholtfamiliehus.net\/","logo":{"@type":"ImageObject","inLanguage":"en-US","@id":"https:\/\/hylleholtfamiliehus.net\/#\/schema\/logo\/image\/","url":"https:\/\/hylleholtfamiliehus.net\/wp-content\/uploads\/2025\/07\/hylleholt-logo-black.webp","contentUrl":"https:\/\/hylleholtfamiliehus.net\/wp-content\/uploads\/2025\/07\/hylleholt-logo-black.webp","width":500,"height":523,"caption":"Hylleholt Familiehus"},"image":{"@id":"https:\/\/hylleholtfamiliehus.net\/#\/schema\/logo\/image\/"}}]}},"_links":{"self":[{"href":"https:\/\/hylleholtfamiliehus.net\/index.php\/wp-json\/wp\/v2\/pages\/254","targetHints":{"allow":["GET"]}}],"collection":[{"href":"https:\/\/hylleholtfamiliehus.net\/index.php\/wp-json\/wp\/v2\/pages"}],"about":[{"href":"https:\/\/hylleholtfamiliehus.net\/index.php\/wp-json\/wp\/v2\/types\/page"}],"author":[{"embeddable":true,"href":"https:\/\/hylleholtfamiliehus.net\/index.php\/wp-json\/wp\/v2\/users\/1"}],"replies":[{"embeddable":true,"href":"https:\/\/hylleholtfamiliehus.net\/index.php\/wp-json\/wp\/v2\/comments?post=254"}],"version-history":[{"count":22,"href":"https:\/\/hylleholtfamiliehus.net\/index.php\/wp-json\/wp\/v2\/pages\/254\/revisions"}],"predecessor-version":[{"id":894,"href":"https:\/\/hylleholtfamiliehus.net\/index.php\/wp-json\/wp\/v2\/pages\/254\/revisions\/894"}],"wp:attachment":[{"href":"https:\/\/hylleholtfamiliehus.net\/index.php\/wp-json\/wp\/v2\/media?parent=254"}],"curies":[{"name":"wp","href":"https:\/\/api.w.org\/{rel}","templated":true}]}}